 767.
761
Calculate the remainder when 494598 is divided by 736.
6
What is the remainder when 14952 is divided by 1357?
25
Calculate the remainder when 4434 is divided by 12.
6
What is the remainder when 127026 is divided by 281?
14
Calculate the remainder when 11844 is divided by 75.
69
What is the remainder when 5378 is divided by 537?
8
Calculate the remainder when 28804 is divided by 5735.
129
Calculate the remainder when 5775 is divided by 21.
0
Calculate the remainder when 607218 is divided by 1829.
1819
What is the remainder when 15497 is divided by 7461?
575
Calculate the remainder when 5191 is divided by 227.
197
What is the remainder when 1433 is divided by 1361?
72
Calculate the remainder when 159834 is divided by 65.
64
What is the remainder when 526161 is divided by 39?
12
Calculate the remainder when 27190 is divided by 1597.
41
What is the remainder when 1912 is divided by 444?
136
Calculate the remainder when 9531 is divided by 4755.
21
What is the remainder when 123248 is divided by 50?
48
Calculate the remainder when 155173 is divided by 51697.
82
Calculate the remainder when 71809 is divided by 17947.
21
What is the remainder when 36715 is divided by 36?
31
What is the remainder when 75063 is divided by 25021?
0
What is the remainder when 1789 is divided by 891?
7
Calculate the remainder when 1138 is divided by 166.
142
What is the remainder when 8857 is divided by 135?
82
What is the remainder when 10878 is divided by 1552?
14
Calculate the remainder when 2632 is divided by 174.
22
Calculate the remainder when 28317 is divided by 119.
114
What is the remainder when 11591 is divided by 11?
8
What is the remainder when 2985 is divided by 62?
9
What is the remainder when 10324 is divided by 2?
0
What is the remainder when 2983 is divided by 297?
13
What is the remainder when 44405 is divided by 124?
13
Calculate the remainder when 5266 is divided by 653.
42
What is the remainder when 6530 is divided by 2167?
29
What is the remainder when 62154 is divided by 53?
38
What is the remainder when 1420 is divided by 1116?
304
Calculate the remainder when 3307 is divided by 3287.
20
Calculate the remainder when 177687 is divided by 5.
2
What is the remainder when 1894944 is divided by 2001?
1998
What is the remainder when 5022 is divided by 396?
270
Calculate the remainder when 347276 is divided by 72.
20
What is the remainder when 109707 is divided by 36564?
15
What is the remainder when 857 is divided by 431?
426
Calculate the remainder when 42251 is divided by 42243.
8
Calculate the remainder when 25290 is divided by 5859.
1854
Calculate the remainder when 35289 is divided by 570.
519
Calculate the remainder when 55579 is divided by 445.
399
What is the remainder when 2719 is divided by 769?
412
What is the remainder when 114782 is divided by 272?
270
What is the remainder when 69983 is divided by 1428?
11
What is the remainder when 2752 is divided by 1351?
50
Calculate the remainder when 6558 is divided by 6545.
13
Calculate the remainder when 399077 is divided by 99769.
1
Calculate the remainder when 1889 is divided by 192.
161
Calculate the remainder when 58829 is divided by 136.
77
Calculate the remainder when 5373 is divided by 1791.
0
What is the remainder when 3924 is divided by 979?
8
Calculate the remainder when 3749940 is divided by 658.
656
Calculate the remainder when 95220 is divided by 178.
168
What is the remainder when 371786 is divided by 164?
162
What is the remainder when 1116 is divided by 796?
320
Calculate the remainder when 7916 is divided by 724.
676
Calculate the remainder when 471549 is divided by 16.
13
What is the remainder when 53102 is divided by 51?
11
Calculate the remainder when 1466476 is divided by 17.
5
What is the remainder when 10127 is divided by 253?
7
Calculate the remainder when 7406 is divided by 7390.
16
Calculate the remainder when 5852 is divided by 623.
245
What is the remainder when 1853900 is divided by 17?
16
What is the remainder when 577 is divided by 40?
17
Calculate the remainder when 13326 is divided by 222.
6
Calculate the remainder when 244594 is divided by 200.
194
What is the remainder when 1076 is divided by 185?
151
What is the remainder when 7949 is divided by 2626?
71
Calculate the remainder when 12094 is divided by 1075.
269
What is the remainder when 1052028 is divided by 245?
243
What is the remainder when 45152 is divided by 2655?
17
What is the remainder when 540787 is divided by 12?
7
What is the remainder when 1790 is divided by 1692?
98
Calculate the remainder when 8842 is divided by 8726.
116
Calculate the remainder when 7902 is divided by 80.
62
Calculate the remainder when 5185 is divided by 1286.
41
What is the remainder when 20300 is divided by 24?
20
Calculate the remainder when 40672 is divided by 281.
208
Calculate the remainder when 133099 is divided by 25.
24
Calculate the remainder when 248962 is divided by 1509.
1486
Calculate the remainder when 1841 is divided by 86.
35
Calculate the remainder when 576270 is divided by 13.
6
Calculate the remainder when 32796 is divided by 46.
44
Calculate the remainder when 1434 is divided by 487.
460
Calculate the remainder when 81598 is divided by 1118.
1102
Calculate the remainder when 5879 is divided by 15.
14
Calculate the remainder when 540 is divided by 261.
18
What is the remainder when 395107 is divided by 5897?
8
What is the remainder when 1332 is divided by 663?
6
What is the remainder when 17663 is divided by 489?
59
Calculate the remainder when 11082 is divided by 34.
32
What is the remainder when 59364 is divided by 231?
228
Calculate the remainder when 2505 is divided by 598.
113
Calculate the remainder when 62724 is divided by 167.
99
Calculate the remainder when 10424 is divided by 158.
154
What is the remainder when 103247 is divided by 50?
47
What is the remainder when 4003 is divided by 207?
70
Calculate the remainder when 125032 is divided by 15624.
40
Calculate the remainder when 10605 is divided by 148.
97
Calculate the remainder when 2081 is divided by 514.
25
Calculate the remainder when 2446010 is divided by 219.
218
Calculate the remainder when 1652 is divided by 276.
272
What is the remainder when 150557 is divided by 52?
17
Calculate the remainder when 32353 is divided by 8084.
17
Calculate the remainder when 672 is divided by 470.
202
What is the remainder when 419864 is divided by 327?
323
What is the remainder when 22162 is divided by 2215?
12
What is the remainder when 246518 is divided by 8?
6
What is the remainder when 58244 is divided by 392?
228
What is the remainder when 5355 is divided by 888?
27
What is the remainder when 1952 is divided by 54?
8
What is the remainder when 2423729 is divided by 467?
466
What is the remainder when 38698 is divided by 38692?
6
What is the remainder when 6938 is divided by 90?
8
What is the remainder when 10013 is divided by 88?
69
What is the remainder when 1756 is divided by 45?
1
Calculate the remainder when 1807 is divided by 451.
3
What is the remainder when 1987 is divided by 160?
67
Calculate the remainder when 14156 is divided by 143.
142
Calculate the remainder when 39446 is divided by 411.
401
Calculate the remainder when 16430 is divided by 198.
194
Calculate the remainder when 1426756 is divided by 1060.
1056
Calculate the remainder when 90595 is divided by 2444.
167
What is the remainder when 1495988 is divided by 498660?
8
What is the remainder when 97688 is divided by 53?
9
What is the remainder when 6718 is divided by 109?
69
What is the remainder when 289827 is divided by 154?
153
What is the remainder when 10 is divided by 9?
1
What is the remainder when 22540 is divided by 22447?
93
What is the remainder when 145499 is divided by 195?
29
Calculate the remainder when 991022 is divided by 796.
2
Calculate the remainder when 1672 is divided by 259.
118
What is the remainder when 253228 is divided by 284?
184
What is the remainder when 98488 is divided by 7?
5
What is the remainder when 1161 is divided by 77?
6
What is the remainder when 15405 is divided by 36?
33
What is the remainder when 703 is divided by 78?
1
What is the remainder when 49557 is divided by 120?
117
What is the remainder when 4435440 is divided by 52?
48
W